{"id":356,"date":"2024-10-30T09:37:14","date_gmt":"2024-10-30T08:37:14","guid":{"rendered":"https:\/\/aumfilms.eu\/?page_id=356"},"modified":"2025-05-05T08:36:15","modified_gmt":"2025-05-05T06:36:15","slug":"edition","status":"publish","type":"page","link":"https:\/\/aumfilms.eu\/?page_id=356","title":{"rendered":"Edition"},"content":{"rendered":"\n<p class=\"has-text-color has-link-color wp-elements-19b9937d682426420c6db894407f156b\" style=\"color:#ffffff00;margin-top:0;margin-right:0;margin-bottom:0;margin-left:0;padding-top:0;padding-right:0;padding-bottom:0;padding-left:0;font-size:clamp(14px, 0.875rem + ((1vw - 3.2px) * 0.625), 20px);\">xxxx<\/p>\n\n\n\n<h1 class=\"wp-block-heading alignwide has-contrast-3-color has-text-color has-link-color wp-elements-92f213124b355b9f8fea37458bbf9c11\" style=\"border-style:none;border-width:0px;border-radius:0px;padding-top:0;padding-bottom:0;font-size:clamp(60.433px, 3.777rem + ((1vw - 3.2px) * 6.934), 127px);text-decoration:underline;writing-mode:horizontal-tb\">\u00c9DITIONS<\/h1>\n\n\n\n<div class=\"wp-block-media-text alignwide is-stacked-on-mobile\"><figure class=\"wp-block-media-text__media\"><img loading=\"lazy\" decoding=\"async\" width=\"1024\" height=\"576\" src=\"http:\/\/aumfilms.eu\/wp-content\/uploads\/2025\/01\/Tombee-de-la-nuit-1A-1024x576.jpg\" alt=\"\" class=\"wp-image-669 size-full\" srcset=\"https:\/\/aumfilms.eu\/wp-content\/uploads\/2025\/01\/Tombee-de-la-nuit-1A-1024x576.jpg 1024w, https:\/\/aumfilms.eu\/wp-content\/uploads\/2025\/01\/Tombee-de-la-nuit-1A-300x169.jpg 300w, https:\/\/aumfilms.eu\/wp-content\/uploads\/2025\/01\/Tombee-de-la-nuit-1A-768x432.jpg 768w, https:\/\/aumfilms.eu\/wp-content\/uploads\/2025\/01\/Tombee-de-la-nuit-1A-1536x864.jpg 1536w, https:\/\/aumfilms.eu\/wp-content\/uploads\/2025\/01\/Tombee-de-la-nuit-1A-2048x1152.jpg 2048w\" sizes=\"auto, (max-width: 1024px) 100vw, 1024px\" \/><\/figure><div class=\"wp-block-media-text__content\">\n<h2 class=\"wp-block-heading has-custom-color-1-color has-text-color has-link-color has-body-font-family wp-elements-500ef4319f6160a52bc5949ad73a2fa6\" style=\"font-size:clamp(16.293px, 1.018rem + ((1vw - 3.2px) * 0.907), 25px);font-style:normal;font-weight:900\">La Davalade, une \u00e9cole pour demain<\/h2>\n\n\n\n<p class=\"has-contrast-color has-text-color has-link-color has-heading-font-family wp-elements-2c9b6401a73b34b9ff7223e4931c3e36\" style=\"font-size:clamp(14px, 0.875rem + ((1vw - 3.2px) * 0.104), 15px);\"><br>Comment une petite commune des C\u00e9vennes arrive \u00e0 se lancer dans un projet d\u2019une telle envergure ; la construction d\u2019une \u00e9co-\u00e9cole de quatre classes ?<br>Chroniques de cinq ans d\u2019histoires qui se m\u00ealent et se succ\u00e8dent : <br>de l\u2019\u00e9laboration m\u00eame du projet \u00e0 l\u2019appel \u00e0 concours, de la recherche d\u2019un architecte aux diff\u00e9rents appels d\u2019offre. La r\u00e9alisation se r\u00e9v\u00e9lera sem\u00e9e d\u2019emb\u00fbches.<br><br>Construit comme un \u00ab&nbsp;thriller&nbsp;\u00bb, le film narre une tranche de vie o\u00f9 les enjeux et les investissements de chacun sont diff\u00e9rents.<\/p>\n\n\n\n<p class=\"has-contrast-color has-text-color has-link-color has-heading-font-family wp-elements-682c9f32cf229bfefd39f509f714ed76\" style=\"font-size:clamp(14px, 0.875rem + ((1vw - 3.2px) * 0.104), 15px);\">C\u2019est le temps de l\u2019humain, de l\u2019exp\u00e9rience et de l\u2019apprentissage.<\/p>\n<\/div><\/div>\n\n\n\n<div class=\"wp-block-media-text alignwide is-stacked-on-mobile\"><figure class=\"wp-block-media-text__media\"><img loading=\"lazy\" decoding=\"async\" width=\"2560\" height=\"1921\" src=\"http:\/\/aumfilms.eu\/wp-content\/uploads\/2025\/01\/Louis-scaled.jpg\" alt=\"\" class=\"wp-image-1100 size-full\" srcset=\"https:\/\/aumfilms.eu\/wp-content\/uploads\/2025\/01\/Louis-scaled.jpg 2560w, https:\/\/aumfilms.eu\/wp-content\/uploads\/2025\/01\/Louis-300x225.jpg 300w, https:\/\/aumfilms.eu\/wp-content\/uploads\/2025\/01\/Louis-1024x768.jpg 1024w, https:\/\/aumfilms.eu\/wp-content\/uploads\/2025\/01\/Louis-768x576.jpg 768w, https:\/\/aumfilms.eu\/wp-content\/uploads\/2025\/01\/Louis-1536x1152.jpg 1536w, https:\/\/aumfilms.eu\/wp-content\/uploads\/2025\/01\/Louis-2048x1537.jpg 2048w\" sizes=\"auto, (max-width: 2560px) 100vw, 2560px\" \/><\/figure><div class=\"wp-block-media-text__content\">\n<h2 class=\"wp-block-heading has-custom-color-5-color has-text-color has-link-color has-body-font-family wp-elements-48f1c102042dbe13ecd6e01a0bab2d2a\" style=\"font-size:clamp(16.293px, 1.018rem + ((1vw - 3.2px) * 0.907), 25px);font-style:normal;font-weight:600\">Debout dans ce sci\u00e8cle anthracite<\/h2>\n\n\n\n<p class=\"has-heading-font-family\" style=\"font-size:clamp(14px, 0.875rem + ((1vw - 3.2px) * 0.104), 15px);font-style:normal;font-weight:400;line-height:1.4\"><br>Un livre, un film.<\/p>\n\n\n\n<p class=\"has-heading-font-family\" style=\"font-size:clamp(14px, 0.875rem + ((1vw - 3.2px) * 0.104), 15px);font-style:normal;font-weight:400;line-height:1.4\">C\u2019est l\u2019histoire d\u2019un homme qui a travers\u00e9 le XXe si\u00e8cle.Un homme debout dans les luttes, un homme debout dans la mine. La plus petite mine de France, une mine d\u2019anthracite ; le meilleur d\u2019Europe, celui dont on fait l\u2019aluminium. Une mine ferm\u00e9e en mars 1997.<\/p>\n\n\n\n<p class=\"has-heading-font-family\" style=\"font-size:clamp(14px, 0.875rem + ((1vw - 3.2px) * 0.104), 15px);font-style:normal;font-weight:400;line-height:1.4\">\u00c0 dix-sept ans il lance le premier comit\u00e9 des \u00ab rouleurs et conducteurs \u00bb avec ses camarades du fond. Prisonnier en Allemagne, il a le culot d\u2019aborder le gardien du camp d\u2019en face pour organiser la distribution de soupes clandestines aux d\u00e9port\u00e9s.<\/p>\n\n\n\n<p class=\"has-heading-font-family\" style=\"font-size:clamp(14px, 0.875rem + ((1vw - 3.2px) * 0.104), 15px);font-style:normal;font-weight:400;line-height:1.4\">\u00c0 la lib\u00e9ration il est le premier Pr\u00e9sident-ouvrier du conseil d\u2019administration des Houill\u00e8res du bassin du Dauphin\u00e9.<\/p>\n\n\n\n<p class=\"has-heading-font-family\" style=\"font-size:clamp(14px, 0.875rem + ((1vw - 3.2px) * 0.104), 15px);font-style:normal;font-weight:400;line-height:1.4\">\u00c0 quatre-vingts ans il apprend \u00e0 cuisiner. \u00c0 quatre-vingt-dix, il retrace cette histoire.<\/p>\n\n\n\n<p class=\"has-heading-font-family\" style=\"font-size:clamp(14px, 0.875rem + ((1vw - 3.2px) * 0.104), 15px);font-style:normal;font-weight:400;line-height:1.4\">Christiane Rorato, elle-m\u00eame fille de mineur, l\u2019enregistre et le filme. <br>Un regard qui sugg\u00e8re, plut\u00f4t qu&rsquo;il n&rsquo;affirme, l&rsquo;\u00e9pop\u00e9e de la ni\u00e8me r\u00e9volution industrielle.<\/p>\n<\/div><\/div>\n\n\n\n<div class=\"wp-block-media-text alignwide is-stacked-on-mobile\"><figure class=\"wp-block-media-text__media\"><a href=\"https:\/\/aumfilms.eu\/?page_id=386\"><img loading=\"lazy\" decoding=\"async\" width=\"1024\" height=\"634\" src=\"http:\/\/aumfilms.eu\/wp-content\/uploads\/2025\/01\/1-RVB_photo-couv-1024x634.jpg\" alt=\"\" class=\"wp-image-1564 size-full\" srcset=\"https:\/\/aumfilms.eu\/wp-content\/uploads\/2025\/01\/1-RVB_photo-couv-1024x634.jpg 1024w, https:\/\/aumfilms.eu\/wp-content\/uploads\/2025\/01\/1-RVB_photo-couv-300x186.jpg 300w, https:\/\/aumfilms.eu\/wp-content\/uploads\/2025\/01\/1-RVB_photo-couv-768x476.jpg 768w, https:\/\/aumfilms.eu\/wp-content\/uploads\/2025\/01\/1-RVB_photo-couv-1536x952.jpg 1536w, https:\/\/aumfilms.eu\/wp-content\/uploads\/2025\/01\/1-RVB_photo-couv-2048x1269.jpg 2048w\" sizes=\"auto, (max-width: 1024px) 100vw, 1024px\" \/><\/a><\/figure><div class=\"wp-block-media-text__content\">\n<p><\/p>\n<\/div><\/div>\n\n\n\n<div class=\"wp-block-media-text alignwide is-stacked-on-mobile\"><figure class=\"wp-block-media-text__media\"><img loading=\"lazy\" decoding=\"async\" width=\"1024\" height=\"697\" src=\"https:\/\/aumfilms.eu\/wp-content\/uploads\/2025\/01\/1-Atelier-1A-1024x697.jpg\" alt=\"\" class=\"wp-image-1573 size-full\" srcset=\"https:\/\/aumfilms.eu\/wp-content\/uploads\/2025\/01\/1-Atelier-1A-1024x697.jpg 1024w, https:\/\/aumfilms.eu\/wp-content\/uploads\/2025\/01\/1-Atelier-1A-300x204.jpg 300w, https:\/\/aumfilms.eu\/wp-content\/uploads\/2025\/01\/1-Atelier-1A-768x523.jpg 768w, https:\/\/aumfilms.eu\/wp-content\/uploads\/2025\/01\/1-Atelier-1A-1536x1045.jpg 1536w, https:\/\/aumfilms.eu\/wp-content\/uploads\/2025\/01\/1-Atelier-1A-2048x1393.jpg 2048w\" sizes=\"auto, (max-width: 1024px) 100vw, 1024px\" \/><\/figure><div class=\"wp-block-media-text__content\">\n<p><\/p>\n<\/div><\/div>\n\n\n\n<div class=\"wp-block-media-text alignwide is-stacked-on-mobile\"><figure class=\"wp-block-media-text__media\"><img loading=\"lazy\" decoding=\"async\" width=\"1024\" height=\"675\" src=\"http:\/\/aumfilms.eu\/wp-content\/uploads\/2025\/01\/naples-RENOIR-1024x675.jpg\" alt=\"\" class=\"wp-image-1537 size-full\" srcset=\"https:\/\/aumfilms.eu\/wp-content\/uploads\/2025\/01\/naples-RENOIR-1024x675.jpg 1024w, https:\/\/aumfilms.eu\/wp-content\/uploads\/2025\/01\/naples-RENOIR-300x198.jpg 300w, https:\/\/aumfilms.eu\/wp-content\/uploads\/2025\/01\/naples-RENOIR-768x506.jpg 768w, https:\/\/aumfilms.eu\/wp-content\/uploads\/2025\/01\/naples-RENOIR.jpg 1092w\" sizes=\"auto, (max-width: 1024px) 100vw, 1024px\" \/><\/figure><div class=\"wp-block-media-text__content\">\n<p><\/p>\n<\/div><\/div>\n\n\n\n<div class=\"wp-block-media-text alignwide is-stacked-on-mobile\"><figure class=\"wp-block-media-text__media\"><img loading=\"lazy\" decoding=\"async\" width=\"826\" height=\"589\" src=\"https:\/\/aumfilms.eu\/wp-content\/uploads\/2025\/01\/PERPETUITE.jpg\" alt=\"\" class=\"wp-image-1538 size-full\" srcset=\"https:\/\/aumfilms.eu\/wp-content\/uploads\/2025\/01\/PERPETUITE.jpg 826w, https:\/\/aumfilms.eu\/wp-content\/uploads\/2025\/01\/PERPETUITE-300x214.jpg 300w, https:\/\/aumfilms.eu\/wp-content\/uploads\/2025\/01\/PERPETUITE-768x548.jpg 768w\" sizes=\"auto, (max-width: 826px) 100vw, 826px\" \/><\/figure><div class=\"wp-block-media-text__content\">\n<p><\/p>\n<\/div><\/div>\n\n\n\n<div class=\"wp-block-media-text alignwide is-stacked-on-mobile\"><figure class=\"wp-block-media-text__media\"><img loading=\"lazy\" decoding=\"async\" width=\"901\" height=\"635\" src=\"https:\/\/aumfilms.eu\/wp-content\/uploads\/2025\/01\/VF_Couv.jpg\" alt=\"\" class=\"wp-image-1539 size-full\" srcset=\"https:\/\/aumfilms.eu\/wp-content\/uploads\/2025\/01\/VF_Couv.jpg 901w, https:\/\/aumfilms.eu\/wp-content\/uploads\/2025\/01\/VF_Couv-300x211.jpg 300w, https:\/\/aumfilms.eu\/wp-content\/uploads\/2025\/01\/VF_Couv-768x541.jpg 768w\" sizes=\"auto, (max-width: 901px) 100vw, 901px\" \/><\/figure><div class=\"wp-block-media-text__content\">\n<p><\/p>\n<\/div><\/div>\n","protected":false},"excerpt":{"rendered":"<p>xxxx \u00c9DITIONS La Davalade, une \u00e9cole pour demain Comment une petite commune des C\u00e9vennes arrive \u00e0 se lancer dans un projet d\u2019une telle envergure ; la construction d\u2019une \u00e9co-\u00e9cole de quatre classes ?Chroniques de cinq ans d\u2019histoires qui se m\u00ealent et se succ\u00e8dent : de l\u2019\u00e9laboration m\u00eame du projet \u00e0 l\u2019appel \u00e0 concours, de la [&hellip;]<\/p>\n","protected":false},"author":1,"featured_media":0,"parent":0,"menu_order":0,"comment_status":"closed","ping_status":"closed","template":"","meta":{"footnotes":""},"class_list":["post-356","page","type-page","status-publish","hentry"],"_links":{"self":[{"href":"https:\/\/aumfilms.eu\/index.php?rest_route=\/wp\/v2\/pages\/356","targetHints":{"allow":["GET"]}}],"collection":[{"href":"https:\/\/aumfilms.eu\/index.php?rest_route=\/wp\/v2\/pages"}],"about":[{"href":"https:\/\/aumfilms.eu\/index.php?rest_route=\/wp\/v2\/types\/page"}],"author":[{"embeddable":true,"href":"https:\/\/aumfilms.eu\/index.php?rest_route=\/wp\/v2\/users\/1"}],"replies":[{"embeddable":true,"href":"https:\/\/aumfilms.eu\/index.php?rest_route=%2Fwp%2Fv2%2Fcomments&post=356"}],"version-history":[{"count":32,"href":"https:\/\/aumfilms.eu\/index.php?rest_route=\/wp\/v2\/pages\/356\/revisions"}],"predecessor-version":[{"id":1746,"href":"https:\/\/aumfilms.eu\/index.php?rest_route=\/wp\/v2\/pages\/356\/revisions\/1746"}],"wp:attachment":[{"href":"https:\/\/aumfilms.eu\/index.php?rest_route=%2Fwp%2Fv2%2Fmedia&parent=356"}],"curies":[{"name":"wp","href":"https:\/\/api.w.org\/{rel}","templated":true}]}}